 k(w) = w + 30. Let n be k(0). Suppose z = 90 - n. Let s be -4 + (1 - -1) + 14. What is the highest common divisor of z and s?
12
Suppose 5*r = 2*v + 476, -5*r - 4*v + 278 + 210 = 0. Calculate the greatest common factor of 1176 and r.
24
Let f be 1 + (-1 + -1)/(-1). Let m = f - -20. Calculate the highest common factor of 253 and m.
23
Suppose 0 = -2*g - 8*n + 3*n + 2116, 0 = g + 3*n - 1059. Calculate the highest common divisor of 13 and g.
13
Let g(v) = -7*v**3 - 1 - v**3 + 2. Let o be g(-1). Suppose -3*q + 3*f - 2*f + 26 = 0, 0 = -4*q + 2*f + 34. What is the greatest common factor of q and o?
9
Suppose -7*d + 4*d = -192. Suppose -17*r + 21*r = 5*w - 48, 0 = -4*w - 5*r + 22. What is the greatest common divisor of d and w?
8
Suppose 0 = w - 2*i - 43, 12*w + 5*i - 211 = 8*w. Calculate the greatest common divisor of 35 and w.
7
Suppose -5*d - d = -228. Calculate the highest common divisor of d and 133.
19
Let f be (104/(-39))/(2/(-276)). Suppose 4*t + 4*a - 2*a - f = 0, -t + a = -86. Suppose -2*r - t = -4*r. What is the highest common divisor of r and 5?
5
Suppose -4*q - 25 = -k + 133, 4*q + 148 = -4*k. Let b be q + 4 + (-12)/3. Let j = -23 - b. Calculate the greatest common factor of j and 64.
16
Suppose 5*p + 10 = 30. Let c(h) = -2*h**3 - 5*h**2 + 2*h - 4. Let b be c(-4). What is the greatest common divisor of p and b?
4
Let g(p) = p**2 + 3*p - 14. Let q be g(-6). Let w be q + (-3)/6*4. What is the highest common factor of w and 3?
1
Let r = 344 - -283. What is the highest common factor of 57 and r?
57
Let t be 5/(25/295)*2. What is the highest common factor of 649 and t?
59
Let r(j) = 13*j**3 + j - 6*j**3 + j**2 - 1 + 0*j**3. Let p be r(1). What is the highest common divisor of 2 and p?
2
Suppose -2*a + 704 = -4*i, -9*i + 13*i = -20. What is the greatest common divisor of 38 and a?
38
Suppose -12*g + 7*g = -890. Suppose -4*o - 2*i + 251 = 77, -2*i - g = -4*o. What is the highest common divisor of o and 66?
22
Suppose 0 = x + 2*v + 15 - 133, 2*x - v - 221 = 0. What is the highest common divisor of x and 7?
7
Let h = -1479 + 2597. Calculate the greatest common divisor of 26 and h.
26
Let c(z) = -2*z**3 + 52*z**2 - 47*z - 39. Let g be c(25). Calculate the highest common factor of g and 558.
18
Suppose 0 = -5*g - 2*c + 2277, -c + 9 - 8 = 0. Calculate the greatest common factor of 260 and g.
65
Suppose 7*x - 2*x + 44 = 4*z, z - 5*x - 11 = 0. Suppose -33*s = 6 - 39. Calculate the highest common factor of z and s.
1
Let n(x) = 2*x + 28. Let t = 8 + 5. Let s be n(t). Calculate the greatest common factor of s and 6.
6
Let c be 6/(-30) - (984/(-20))/6. Suppose 12 + 12 = 3*l. Calculate the greatest common factor of c and l.
8
Let d = 387 - 111. Calculate the highest common factor of d and 207.
69
Suppose -2*a + 4 = 4*u, u + 3*a - 1 = -0*a. Let r be 16/(-4)*u - (-30 - -1). Calculate the greatest common divisor of r and 10.
5
Suppose 0 = -47*l + 39*l + 88. What is the highest common factor of 143 and l?
11
Let n = 257 - 155. Calculate the highest common factor of 255 and n.
51
Let j(r) = -57*r - 547. Let o be j(-22). Calculate the greatest common divisor of o and 505.
101
Suppose -50 = -3*j + 46. Let n(m) = 2*m - 11. Let z be n(8). Let s be (16/z)/((-4)/(-10)). Calculate the greatest common factor of s and j.
8
Let j(l) = 3*l**2 + 5*l - 2. Let t be j(3). Let x be (-2016)/t + (-6)/10. Let b = -24 - x. What is the highest common factor of 18 and b?
9
Let n(m) = -m**3 + 20*m**2 + 4*m + 7. Let b be n(20). Suppose -5*j + 159 = -596. Let u be (j - 6)*4/10. Calculate the greatest common divisor of b and u.
29
Suppose -3*t + 2*u = -2*u - 4, 2*t = -u - 1. Suppose -4*v + 48 = -t. Let o be (v/8 + 3)*2. What is the highest common divisor of o and 36?
9
Let c be (-26)/39*-9*1. What is the greatest common divisor of 42 and c?
6
Let j = -3 - -3. Suppose 4*q - 1054 = -5*b, j = -q - 0*b - 5*b + 271. Suppose 7*g = 235 - 32. What is the greatest common factor of g and q?
29
Suppose -391 = -2*c - 61. What is the highest common factor of c and 45?
15
Let i = 450 - 387. What is the greatest common divisor of i and 28?
7
Let i be (-1 + (-12)/9)*(-1 - 59). Suppose i = 4*p - 4*y, 0*y + 39 = p - 2*y. Calculate the greatest common divisor of p and 155.
31
Suppose -11*y + 25 = 3. Suppose -33 = -3*c - 5*m + 2*m, 0 = -y*c - m + 19. Calculate the highest common factor of c and 64.
8
Let t(s) be the third derivative of s**5/60 - s**4/3 + s**3 - 3*s**2. Let l be t(6). Let h = l + 8. Calculate the highest common factor of 20 and h.
2
Let q = -1963 + 1973. Calculate the greatest common factor of q and 1010.
10
Suppose -138 = -g + 3*a, -2*g = -4*g + 3*a + 267. Suppose 0 = -2*w + g - 21. What is the highest common factor of 18 and w?
18
Let s(a) = -3*a - 5. Let m be s(-9). Calculate the greatest common factor of 506 and m.
22
Let u = -28 + 42. Let i(f) = 12*f + 2. Let s be i(1). Calculate the highest common divisor of s and u.
14
Suppose 15*m + 45 = 12*m. Let o be (-6)/(-5)*(-25)/m. Calculate the highest common factor of 18 and o.
2
Suppose 5*y + 36 = 4*p - 13, 3*p - 4*y - 38 = 0. Let m = p - 1. Suppose -u + 21 = -k, m*u + 0*u = -4*k + 105. What is the greatest common divisor of 14 and u?
7
Suppose p = 5*p - 12. Suppose 0 = 2*y + 5*t - 31, 0 = 5*y - 5*t + p*t - 5. What is the highest common factor of y and 1?
1
Suppose -5*l - d - 1323 = -10*l, -3*l + 804 = -4*d. Let k be 160/100*(-15)/(-2)*2. What is the highest common factor of k and l?
24
Let h = -191 + 221. Calculate the greatest common divisor of 150 and h.
30
Let i(a) = a**3 + 20*a**2 + 77*a + 9. Let n be i(-6). Calculate the highest common factor of 187 and n.
17
Let c = -1254 - -1299. What is the highest common factor of c and 36?
9
Suppose -7*s - 5 = -19. Suppose -k + 69 = 5*n, -k = k + s. Calculate the greatest common divisor of 56 and n.
14
Let b(m) = 10*m - 1. Let h be b(6). Let p = h + -48. What is the highest common factor of p and 121?
11
Suppose 0 = -13*h + 661 - 505. What is the highest common divisor of h and 354?
6
Suppose -4*r - 3 = -7. Suppose 0 = 5*l + 15, 8 = -2*z + 3*l + 39. Suppose -z*n = -7*n - 20. Calculate the greatest common divisor of n and r.
1
Let k(b) = b**3 + 6*b**2 - 18*b - 16. Let d be k(-8). Suppose 4*q - a - 56 + 3 = d, a - 51 = -4*q. What is the greatest common factor of q and 91?
13
Let s be 22/(-3)*840/(-112). What is the greatest common divisor of 55 and s?
55
Suppose 3*l = -2 - 4, 0 = -j + 3*l + 8. Suppose 0*n = -j*n + 20. Let s(g) = -392*g - 3086. Let v be s(-8). What is the greatest common divisor of v and n?
10
Let n = -20 - -33. Calculate the greatest common factor of n and 2.
1
Let v be (-145332)/(-33) + -2 + 0/(-1). Calculate the highest common divisor of v and 142.
142
Let n = 30 + -44. Let z = -14 - n. Suppose 3*r = -2*r + 4*g + 46, z = r + g - 2. Calculate the highest common factor of r and 66.
6
Suppose -10*g = -26027 - 203. Calculate the highest common divisor of g and 43.
43
Suppose 0*m = -3*m + 9. Suppose -9 = -m*a + 3. Suppose -a*r = -3*n + 10 + 6, 5*n + 4*r = 80. Calculate the highest common divisor of 30 and n.
6
Suppose 45 = f + z, -13 = 5*z + 7. Let m be 14/f - 276/(-14). Let o be (-478)/(-6) - 1/(-3). Calculate the highest common factor of o and m.
20
Suppose b + 4*z = 2*b + 223, 2*b + 466 = -2*z. Let u be 2/(-4) - b/6. Let s be 2 + (-11)/((-44)/372). Calculate the highest common factor of s and u.
19
Suppose w + 0*w = 9. Suppose o - w = 3. What is the greatest common factor of o and 48?
12
Let q = -5 - -7. Suppose -4*z + 3*v = -3*z - 55, q*z - 5*v = 108. What is the greatest common factor of 7 and z?
7
Let s be (-128)/192 - (-647)/3. What is the highest common divisor of 10 and s?
5
Suppose -2*b + 5 = -4*s + 19, -3*s = b - 3. Suppose 10 = 5*l - 60. What is the greatest common divisor of l and s?
2
Let u = 688 - 652. Calculate the highest common divisor of 2916 and u.
36
Suppose -2 = -m + o + 2, 0 = 4*o + 12. Let b be 1 - (38*-2 + m). What is the greatest common factor of b and 190?
38
Suppose 0 = 3*p + a - 85, -3*a = -4*p - 29 + 151. Let w be 61 - (-5)/(-8 - 2)*0. Let q = w - p. Calculate the greatest common divisor of 8 and q.
8
Suppose 0*z + 3*z + v - 158 = 0, 0 = 4*z - 3*v - 228. What is the highest common factor of z and 16?
2
Let r(u) = -u + 24. Let l be r(22). Suppose 3*